-91. Let r = p - -848. Is r a prime number?
False
Let a(y) = y + 10. Let n(x) = x + 1. Let g(j) = -a(j) + 3*n(j). Let l be g(8). Suppose -230 = -11*d + l*d. Is d prime?
False
Let b = 2114 + -1066. Suppose 2*r = 220 + b. Suppose f = 3*f - r. Is f composite?
False
Suppose 4*j + 1781 = -1099. Let v = j + 1343. Is v a composite number?
True
Let m = 16 + -14. Is (2/(-4))/(m/(-356)) composite?
False
Let g(l) = -l**3 - 7*l**2 - 9*l - 15. Let w be g(-6). Suppose o + 4*x = -2*o + 2, -4*o - x = -7. Suppose -2*v + 140 = w*r - r, -5*v = o*r - 149. Is r composite?
False
Suppose -n - 26 = 4*j, -4*n + j - 16 = -2*n. Let h = 51 + n. Let l = h - 15. Is l a prime number?
False
Let s(l) = 717*l + 136. Is s(9) a prime number?
False
Suppose 4287 = -4*x - 2585. Let p = 83 - x. Is p prime?
True
Suppose 2*w + 10 = 0, 3*m = -2*m - 3*w - 30. Let z(g) be the third derivative of -g**6/40 + g**5/20 - g**4/24 - g**3/3 + 2*g**2. Is z(m) composite?
False
Suppose -4*g - 3*z = 18, -4*z = -3*g - 7*z - 12. Let m(i) = -4 + 0 + 2 - 17*i + i. Is m(g) composite?
True
Suppose -4*x + 10207 = 3*c, -4*x - 5*c + 10203 = -6*c. Is x composite?
False
Let l = 39 + -35. Suppose -5*z = -2*p + 174, -l*p + 5*p + z - 73 = 0. Is p a prime number?
False
Suppose 0 = -5*m + 4*w + 30947, -6193 = -m - 9*w + 11*w. Is m prime?
False
Let t(x) = 18*x**2 - 50*x + 75. Is t(26) composite?
True
Let k(o) = -57*o**3 + 23*o**2 + 6*o - 15. Let a(r) = 19*r**3 - 8*r**2 - 2*r + 5. Let w(u) = 11*a(u) + 4*k(u). Is w(-4) prime?
False
Let r(v) = -26*v + 18. Let b(m) = m - 1. Let p(a) = 3*b(a) - r(a). Is p(8) a prime number?
True
Let u(p) = p + 7. Let v be u(5). Let x = v - -22. Is x a composite number?
True
Is 16002/4 + (-4)/(-8) a composite number?
False
Is (-1243956)/(-18) - ((-30)/(-18))/(-5) prime?
True
Is ((-1081261)/(-267))/((-2)/(-6)) a prime number?
True
Let m = 4442 - 1507. Is m a prime number?
False
Let y be ((-36)/(-15))/(3/1490). Suppose 0*q - 4*q = -y. Is q a prime number?
False
Let d be ((-142)/(-6))/((-3)/(-54)). Suppose -4*v = -v - d. Suppose -5*f = -1197 + v. Is f a prime number?
True
Suppose -3*f + 4*o + 18633 = 0, -89*o = -3*f - 84*o + 18633. Is f a composite number?
False
Suppose d = 5*a + 5, -20 = -a - 4*a - 4*d. Suppose a = -4*o + o - 39. Is (-2)/o - 7821/(-117) a composite number?
False
Let m be (5 + -3)/((-2)/(-474)). Suppose 0*y + m = y. Let j = y - 187. Is j a composite number?
True
Suppose 73*j - 82*j = -279117. Is j prime?
True
Let p = 28086 - 14525. Is p a prime number?
False
Is (966/9 - 0)/(48/72) a composite number?
True
Let y = -862 + 612. Let n = y + 389. Is n a composite number?
False
Let m be 14/(-28)*(-24)/2. Suppose m*i - 17968 = -10*i. Is i a prime number?
True
Let z be (-4 - -8)/4 + 0 + 4. Suppose -z*l + 2024 = -1341. Is l prime?
True
Let d(u) = -2*u**2 + 11*u + 9. Let a(z) = -z**2 + 6*z + 4. Let r(x) = -5*a(x) + 3*d(x). Let j be r(4). Suppose -j*b = -b - 174. Is b a prime number?
False
Is 26895 + (-5 - (-1 - 8)) prime?
False
Let x(c) = c - 7. Let f be x(8). Let p be 111/f - 21/(-7). Suppose 3*l - p = 5*y, -4*y + 3*y - 169 = -4*l. Is l a composite number?
False
Is ((-2)/(-4))/(19/421762) a prime number?
False
Let l(z) be the third derivative of 11*z**7/1260 + z**6/240 - 3*z**5/40 - z**4/24 + z**2. Let d(i) be the second derivative of l(i). Is d(-4) composite?
False
Suppose 7*x - 5526 = -11*x. Is x composite?
False
Suppose 0 = -36*m + 27*m + 23481. Is m a composite number?
False
Suppose -4*c - 5*n = -3*c + 7, 2*c - n - 8 = 0. Is (-940)/(-6) - c/(-9) a composite number?
False
Suppose -6803 = 5*b + 3*w, 2723 = -0*b - 2*b - 3*w. Let j = -407 - b. Is j prime?
True
Let s(j) = -456*j + 53. Is s(-13) composite?
False
Suppose -5*l + 18 + 7 = 0. Suppose -2*x + l + 1 = 0. Suppose -5*p = 2*r + r - 180, -5*p = -x*r - 150. Is p a prime number?
False
Let h be -1 + 1*(3 + 1). Suppose -b - 3*b - 2 = -h*n, -5*n - b = -11. Suppose -3 - 23 = -n*r. Is r a prime number?
True
Suppose 3*l = 15*l - 72. Is 4584/9 - l - (-1)/(-3) prime?
True
Suppose 3*a = 2*i - 2, 0 = 5*a - 3*i + i + 2. Suppose a = -2*g, x = -2*g + g + 39. Is x composite?
True
Let m = -89 - -37. Let p be m/(-14) - (-4)/14. Suppose 4*y - 511 = -z, 3*z - 585 = -p*y + 948. Is z a composite number?
True
Let q(s) = 3057*s**3 + s**2 - s + 11. Is q(2) a composite number?
False
Suppose -8*f - 142 = -9*f. Let x = 375 - f. Is x prime?
True
Is (35726/(-14))/((-4)/112*4) a composite number?
False
Let c(h) = 332*h - 33. Let j(g) = 166*g - 17. Let f(w) = 4*c(w) - 7*j(w). Is f(2) a prime number?
False
Suppose 7*r - 15 = 6. Suppose -g - 73 = -l - 302, 0 = -r*l + 9. Let t = 107 + g. Is t a composite number?
True
Let f(q) = 74*q**2 + 29*q + 8. Is f(-3) composite?
False
Suppose -7371 = -12*a + 1713. Is a prime?
True
Let o be 10/(-5)*(-1)/(-2). Let j be 27 + -1 + o + 3. Let n = -14 + j. Is n prime?
False
Let p(a) = -70*a**2 - 8*a + 15. Let z be p(-5). Let h = 3149 + z. Is h prime?
False
Let u be 1 - (0 - -3)/3. Let l be 1/(1/337 + u). Is (10 + -8)/(2/l) prime?
True
Let q be 1/4 - (-21)/12. Suppose 3*f - q*c + 21 = 2*f, 0 = 3*c. Is (1 - -10)*f/(-3) composite?
True
Let o = -26 - -25. Is 1 - ((o - -4) + -67) prime?
False
Let x = -10 + 7. Let s be x/(3*(-2)/88). Suppose z - s - 497 = 0. Is z composite?
False
Let g(k) = 191*k + 24. Let x be g(11). Suppose -3*o + x - 454 = 0. Is o composite?
False
Let v(n) be the second derivative of 23*n**3/6 - 21*n**2/2 - 11*n. Is v(10) a composite number?
True
Let m(a) be the first derivative of -161*a**4/24 - 4*a**2 + 1. Let i(n) be the second derivative of m(n). Is i(-1) a prime number?
False
Let u = -24 - -14. Let k = 7 + u. Let j = 43 - k. Is j composite?
True
Let x(z) = 32*z**2 - 15*z + 17. Is x(8) composite?
True
Is (-4)/10 + (-42798)/(-70) prime?
False
Suppose 3*i - 604842 = -i + 2*j, 5*i - 756045 = 4*j. Is i a composite number?
False
Let v be (-2)/(-6) - (-70)/15. Suppose -2*f + o = -0*f - 452, 2*f = v*o + 444. Let l = f - 136. Is l a prime number?
False
Suppose 0 = v - 1 - 5. Suppose 4*b + z = v*b - 2, -3*z - 6 = 2*b. Suppose b*d + 196 = 4*d. Is d a prime number?
False
Let a = 26 + -25. Let y be (a/(-2))/(1/(-2)). Is 2/(y*(-8)/(-1772)) a prime number?
True
Suppose 2*h - 27499 = -b, 20 - 5 = 5*h. Is b prime?
False
Let q(n) = n**3 + n**2 - 2*n + 8705. Is q(0) a composite number?
True
Suppose 1571 = 8*m - 69. Let x = 464 - m. Is x composite?
True
Let v(o) = o**3 + o**2 + o - 1. Let c(n) = 11*n**3 + 11*n**2 + 16*n + 1. Let j(y) = -c(y) + 4*v(y). Is j(-5) a composite number?
True
Let x(n) = -61*n + 10. Let u(f) = 26*f - 3. Let g(p) = 25*p - 3. Let v(a) = 6*g(a) - 5*u(a). Let q(k) = -7*v(k) - 2*x(k). Is q(-2) a composite number?
False
Let u be ((-4)/(-8))/(3/6). Is (5 - -4)/(-3) + 790/u a prime number?
True
Let j(z) = z - 47*z**2 + 24*z**2 + 487 + 21*z**2. Is j(0) composite?
False
Is 3/12 - (-1362642)/24 a composite number?
True
Let d(o) = 2*o**2 + 6*o - 19. Let n = -59 + 49. Is d(n) composite?
True
Suppose -h - 4*t + 23 = 0, -34 = -2*h - 4*t - 0. Let w(b) = b**2 + 8*b - 30. Is w(h) a prime number?
True
Let n(h) = -108*h + 6. Let g be n(-20). Let p = g + -1367. Is p a composite number?
True
Let n(f) = -1 - f + f + f. Is n(8) prime?
True
Suppose 4*o + 2*h = o - 2, 0 = -4*o - 5*h + 2. Is 5252/5 + o/5 + -1 prime?
True
Suppose 3*j + 12 = 2*j. Let s be (-5)/(-20) - 21/j. Let q = 71 - s. Is q a composite number?
True
Let d(h) = -3*h**3 + 6*h**2 - 6*h + 2. Let f be (2/(4/5))/((-8)/16). Is d(f) a prime number?
True
Suppose 18914 = 6*n - 43156. Is n composite?
True
Let v = -601 - 761. Suppose 0 = 4*k - 3*b + 7*b + 4, -11 = -k - 5*b. Is k/(8/v) + -4 prime?
True
Suppose -5*j + 5*u + 12765 = 0, -9*u + 5*u = 5*j - 12801. Is j a composite number?
False
Let h = 3322 - 960. Is (h - 1) + 10/5 prime?
False
Is (-16 - (-18 - 3312))*2/4 a composite number?
False
Is (-26)/(-91) + 1657686/42 a composite number?
True
Let d = 7242 - 4195. Is d a composite number?
True
Let v be 5*(-7)/105*183*-3. Let x be ((-736)/6)/4*3. Let n = v + x. Is n a composite number?
True
Is 1596 - (-2)/(-10)*-5 composite?
False
Let s be (-4)/8*-12*1. Let q = s + 64. Suppose -2*b - 24 + q = 0. Is b prime?
True
Suppose -2*h + 527 = -153. Suppose -935 = -7*m - h. Is m prime?
False
Let y = 22 - 18. Suppose 112 - 28 = -y*v. Let s = 30 - v. Is s prime?
False
Suppose 8*r + 2056 